rime factors of 39044?
2, 43, 227
What are the prime factors of 817?
19, 43
List the prime factors of 1871.
1871
What are the prime factors of 4171?
43, 97
List the prime factors of 333.
3, 37
What are the prime factors of 12158?
2, 6079
What are the prime factors of 29500?
2, 5, 59
What are the prime factors of 15803?
15803
List the prime factors of 49734.
2, 3, 307
What are the prime factors of 2472?
2, 3, 103
List the prime factors of 9188.
2, 2297
List the prime factors of 20206.
2, 10103
What are the prime factors of 1891?
31, 61
List the prime factors of 225.
3, 5
List the prime factors of 107138.
2, 53569
List the prime factors of 342.
2, 3, 19
List the prime factors of 1655.
5, 331
List the prime factors of 1350.
2, 3, 5
What are the prime factors of 6639?
3, 2213
What are the prime factors of 10?
2, 5
What are the prime factors of 6936?
2, 3, 17
What are the prime factors of 1099?
7, 157
What are the prime factors of 2536?
2, 317
What are the prime factors of 26012?
2, 7, 929
List the prime factors of 11697.
3, 7, 557
What are the prime factors of 159?
3, 53
What are the prime factors of 6422?
2, 13, 19
What are the prime factors of 9918?
2, 3, 19, 29
List the prime factors of 24758.
2, 12379
What are the prime factors of 6957?
3, 773
List the prime factors of 7498.
2, 23, 163
What are the prime factors of 116?
2, 29
List the prime factors of 7239.
3, 19, 127
List the prime factors of 11753.
7, 23, 73
List the prime factors of 1031.
1031
List the prime factors of 293.
293
List the prime factors of 2217.
3, 739
What are the prime factors of 13222?
2, 11, 601
What are the prime factors of 2745?
3, 5, 61
What are the prime factors of 31456?
2, 983
What are the prime factors of 14987?
7, 2141
What are the prime factors of 50360?
2, 5, 1259
What are the prime factors of 554?
2, 277
What are the prime factors of 18888?
2, 3, 787
List the prime factors of 614.
2, 307
List the prime factors of 2794.
2, 11, 127
What are the prime factors of 1966?
2, 983
List the prime factors of 2275.
5, 7, 13
List the prime factors of 129342.
2, 3, 21557
What are the prime factors of 1739?
37, 47
What are the prime factors of 64480?
2, 5, 13, 31
What are the prime factors of 3541?
3541
List the prime factors of 679.
7, 97
List the prime factors of 2545.
5, 509
List the prime factors of 927.
3, 103
What are the prime factors of 1343?
17, 79
What are the prime factors of 6115?
5, 1223
What are the prime factors of 112755?
3, 5, 7517
What are the prime factors of 8931?
3, 13, 229
What are the prime factors of 788?
2, 197
List the prime factors of 4361.
7, 89
What are the prime factors of 846?
2, 3, 47
What are the prime factors of 14014?
2, 7, 11, 13
List the prime factors of 541.
541
List the prime factors of 95426.
2, 47713
What are the prime factors of 10243?
10243
List the prime factors of 2248.
2, 281
List the prime factors of 81994.
2, 11, 3727
List the prime factors of 58920.
2, 3, 5, 491
List the prime factors of 1392.
2, 3, 29
What are the prime factors of 81?
3
What are the prime factors of 2855?
5, 571
What are the prime factors of 9130?
2, 5, 11, 83
List the prime factors of 72116.
2, 11, 149
List the prime factors of 179534.
2, 89767
List the prime factors of 90721.
257, 353
What are the prime factors of 23848?
2, 11, 271
List the prime factors of 4878.
2, 3, 271
What are the prime factors of 4240?
2, 5, 53
List the prime factors of 1605.
3, 5, 107
What are the prime factors of 17059?
7, 2437
List the prime factors of 63504.
2, 3, 7
What are the prime factors of 78276?
2, 3, 11, 593
List the prime factors of 115449.
3, 29, 1327
List the prime factors of 961.
31
What are the prime factors of 18092?
2, 4523
List the prime factors of 10057.
89, 113
List the prime factors of 1315.
5, 263
List the prime factors of 2521.
2521
What are the prime factors of 24404?
2, 6101
List the prime factors of 23087.
23087
What are the prime factors of 3961?
17, 233
List the prime factors of 3716.
2, 929
What are the prime factors of 80193?
3, 26731
What are the prime factors of 3778?
2, 1889
List the prime factors of 66098.
2, 33049
What are the prime factors of 44?
2, 11
What are the prime factors of 11424?
2, 3, 7, 17
What are the prime factors of 8886?
2, 3, 1481
List the prime factors of 26952.
2, 3, 1123
What are the prime factors of 45410?
2, 5, 19, 239
List the prime factors of 4266.
2, 3, 79
What are the prime factors of 1207?
17, 71
What are the prime factors of 17896?
2, 2237
What are the prime factors of 1266?
2, 3, 211
What are the prime factors of 695?
5, 139
What are the prime factors of 328?
2, 41
What are the prime factors of 1403?
23, 61
List the prime factors of 204.
2, 3, 17
List the prime factors of 2792.
2, 349
List the prime factors of 51222.
2, 3, 8537
List the prime factors of 9724.
2, 11, 13, 17
What are the prime factors of 1372?
2, 7
What are the prime factors of 48478?
2, 24239
List the prime factors of 2341.
2341
List the prime factors of 2543.
2543
What are the prime factors of 19252?
2, 4813
List the prime factors of 48.
2, 3
What are the prime factors of 2542?
2, 31, 41
What are the prime factors of 21705?
3, 5, 1447
What are the prime factors of 77886?
2, 3, 4327
List the prime factors of 83411.
239, 349
List the prime factors of 9106.
2, 29, 157
List the prime factors of 60159.
3, 11, 1823
What are the prime factors of 19224?
2, 3, 89
What are the prime factors of 1604?
2, 401
List the prime factors of 1778.
2, 7, 127
What are the prime factors of 3728?
2, 233
What are the prime factors of 5450?
2, 5, 109
What are the prime factors of 14209?
13, 1093
What are the prime factors of 103?
103
List the prime factors of 10840.
2, 5, 271
What are the prime factors of 12571?
13, 967
What are the prime factors of 24085?
5, 4817
List the prime factors of 4942.
2, 7, 353
What are the prime factors of 169?
13
List the prime factors of 402.
2, 3, 67
What are the prime factors of 14273?
7, 2039
What are the prime factors of 10464?
2, 3, 109
What are the prime factors of 629?
17, 37
What are the prime factors of 11582?
2, 5791
List the prime factors of 1494.
2, 3, 83
List the prime factors of 2554.
2, 1277
What are the prime factors of 18715?
5, 19, 197
What are the prime factors of 828?
2, 3, 23
List the prime factors of 948.
2, 3, 79
What are the prime factors of 1578?
2, 3, 263
List the prime factors of 827.
827
What are the prime factors of 99843?
3, 23, 1447
What are the prime factors of 34738?
2, 11, 1579
What are the prime factors of 4119?
3, 1373
List the prime factors of 7026.
2, 3, 1171
What are the prime factors of 879?
3, 293
List the prime factors of 3534.
2, 3, 19, 31
List the prime factors of 1478.
2, 739
List the prime factors of 8037.
3, 19, 47
List the prime factors of 24363.
3, 2707
List the prime factors of 680.
2, 5, 17
List the prime factors of 17171.
7, 11, 223
What are the prime factors of 474?
2, 3, 79
List the prime factors of 14415.
3, 5, 31
List the prime factors of 3625.
5, 29
List the prime factors of 14331.
3, 17, 281
What are the prime factors of 33532?
2, 83, 101
What are the prime factors of 5545?
5, 1109
What are the prime factors of 4073?
4073
List the prime factors of 3882.
2, 3, 647
List the prime factors of 3253.
3253
List the prime factors of 127.
127
What are the prime factors of 23309?
11, 13, 163
What are the prime factors of 1213?
1213
What are the prime factors of 899?
29, 31
What are the prime factors of 182?
2, 7, 13
What are the prime factors of 37814?
2, 7, 37, 73
What are the prime factors of 39635?
5, 7927
What are the prime factors of 1145?
5, 229
List the prime factors of 29416.
2, 3677
List the prime factors of 3253.
3253
What are the prime factors of 567?
3, 7
What are the prime factors of 62580?
2, 3, 5, 7, 149
List the prime factors of 101826.
2, 3, 5657
What are the prime factors of 1297?
1297
What are the prime factors of 1096?
2, 137
List the prime factors of 14715.
3, 5, 109
What are the prime factors of 2847?
3, 13, 73
What are the prime factors of 1938?
2, 3, 17, 19
List the prime factors of 882.
2, 3, 7
List the prime factors of 10000.
2, 5
List the prime factors of 1687.
7, 241
List the prime factors of 3501.
3, 389
What are the prime factors of 5530?
2, 5, 7, 79
List the prime fac